{"id":5964,"date":"2026-04-27T10:43:44","date_gmt":"2026-04-27T08:43:44","guid":{"rendered":"https:\/\/baer-wolf-luchs.at\/?page_id=5964"},"modified":"2026-04-27T14:16:56","modified_gmt":"2026-04-27T12:16:56","slug":"publikationen-der-mitglieder-im-oz","status":"publish","type":"page","link":"https:\/\/baer-wolf-luchs.at\/en\/publikationen\/publikationen-der-mitglieder-im-oz\/","title":{"rendered":"Publications of members in the \u00d6Z"},"content":{"rendered":"<h1  id=\"subpage_title\">\n\t\t\tWITH COMPETENCE\t<\/h1>\n<h4  id=\"one\">\n\t\t\tMONITORING REPORTS\t<\/h4>\n\t<p><strong>Upper Austria:<\/strong><\/p>\n<ul>\n<li><a href=\"https:\/\/baer-wolf-luchs.at\/wp-content\/uploads\/2026\/04\/Oberoesterreich-Luchsmonitoring-Muehlviertel-2023-2026.pdf\">Ober\u00f6sterreich &#8211; Luchsmonitoring M\u00fchlviertel 2023-2026<\/a><\/li>\n<\/ul>\n<p>&nbsp;<\/p>\n<p><strong>Vorarlberg:<\/strong><\/p>\n<ul>\n<li><a href=\"https:\/\/vorarlberg.at\/documents\/302033\/0\/Luchs-Monitoring+Vorarlberg+2024%E2%80%932025.pdf\/68a8ba39-87aa-dfe1-ecc4-3b016e569db5?t=1758107978023\" target=\"_blank\" rel=\"noopener\">Vorarlberg &#8211; Luchsmonitoring 2024-2025<\/a><\/li>\n<li><a href=\"https:\/\/vorarlberg.at\/documents\/302033\/0\/Wildkatze+und+Luchs+in+Vorarlberg+-+Monitoring-Bericht+2023.pdf\/7d85c749-9943-e5a1-0c1e-23aecec9b3a1?t=1705328113108\" target=\"_blank\" rel=\"noopener\">Vorarlberg &#8211; Wildkatze und Luchs 2023<\/a><\/li>\n<\/ul>","protected":false},"excerpt":{"rendered":"<p>MIT KOMPETENZ MONITORINGBERICHTE Ober\u00f6sterreich: Ober\u00f6sterreich &#8211; Luchsmonitoring M\u00fchlviertel 2023-2026 &nbsp; Vorarlberg: Vorarlberg &#8211; Luchsmonitoring 2024-2025 Vorarlberg &#8211; Wildkatze und Luchs 2023<\/p>","protected":false},"author":6,"featured_media":0,"parent":5119,"menu_order":0,"comment_status":"closed","ping_status":"closed","template":"","meta":{"footnotes":""},"class_list":["post-5964","page","type-page","status-publish"],"_links":{"self":[{"href":"https:\/\/baer-wolf-luchs.at\/en\/wp-json\/wp\/v2\/pages\/5964","targetHints":{"allow":["GET"]}}],"collection":[{"href":"https:\/\/baer-wolf-luchs.at\/en\/wp-json\/wp\/v2\/pages"}],"about":[{"href":"https:\/\/baer-wolf-luchs.at\/en\/wp-json\/wp\/v2\/types\/page"}],"author":[{"embeddable":true,"href":"https:\/\/baer-wolf-luchs.at\/en\/wp-json\/wp\/v2\/users\/6"}],"replies":[{"embeddable":true,"href":"https:\/\/baer-wolf-luchs.at\/en\/wp-json\/wp\/v2\/comments?post=5964"}],"version-history":[{"count":10,"href":"https:\/\/baer-wolf-luchs.at\/en\/wp-json\/wp\/v2\/pages\/5964\/revisions"}],"predecessor-version":[{"id":5993,"href":"https:\/\/baer-wolf-luchs.at\/en\/wp-json\/wp\/v2\/pages\/5964\/revisions\/5993"}],"up":[{"embeddable":true,"href":"https:\/\/baer-wolf-luchs.at\/en\/wp-json\/wp\/v2\/pages\/5119"}],"wp:attachment":[{"href":"https:\/\/baer-wolf-luchs.at\/en\/wp-json\/wp\/v2\/media?parent=5964"}],"curies":[{"name":"wp","href":"https:\/\/api.w.org\/{rel}","templated":true}]}}

Publications of members in the ÖZ

<h1  id="subpage_title">
			WITH COMPETENCE	</h1>
<h4  id="one">
			MONITORING REPORTS	</h4>
	<p><strong>Upper Austria:</strong></p>
<ul>
<li><a href="https://baer-wolf-luchs.at/wp-content/uploads/2026/04/Oberoesterreich-Luchsmonitoring-Muehlviertel-2023-2026.pdf">Oberösterreich &#8211; Luchsmonitoring Mühlviertel 2023-2026</a></li>
</ul>
<p>&nbsp;</p>
<p><strong>Vorarlberg:</strong></p>
<ul>
<li><a href="https://vorarlberg.at/documents/302033/0/Luchs-Monitoring+Vorarlberg+2024%E2%80%932025.pdf/68a8ba39-87aa-dfe1-ecc4-3b016e569db5?t=1758107978023" target="_blank" rel="noopener">Vorarlberg &#8211; Luchsmonitoring 2024-2025</a></li>
<li><a href="https://vorarlberg.at/documents/302033/0/Wildkatze+und+Luchs+in+Vorarlberg+-+Monitoring-Bericht+2023.pdf/7d85c749-9943-e5a1-0c1e-23aecec9b3a1?t=1705328113108" target="_blank" rel="noopener">Vorarlberg &#8211; Wildkatze und Luchs 2023</a></li>
</ul>

<p>MIT KOMPETENZ MONITORINGBERICHTE Oberösterreich: Oberösterreich &#8211; Luchsmonitoring Mühlviertel 2023-2026 &nbsp; Vorarlberg: Vorarlberg &#8211; Luchsmonitoring 2024-2025 Vorarlberg &#8211; Wildkatze und Luchs 2023</p>
